 factors of 372890.
2, 5, 7, 761
What are the prime factors of 335694?
2, 3, 55949
What are the prime factors of 518111?
11, 19, 37, 67
List the prime factors of 5829992.
2, 7, 104107
List the prime factors of 24318692.
2, 6079673
What are the prime factors of 14862411?
3, 1651379
What are the prime factors of 224626?
2, 31, 3623
What are the prime factors of 1329?
3, 443
List the prime factors of 1198006.
2, 599003
What are the prime factors of 3845448?
2, 3, 19, 937
List the prime factors of 256433.
347, 739
What are the prime factors of 2269421?
7, 11, 29473
What are the prime factors of 1149210?
2, 3, 5, 113
List the prime factors of 10376674.
2, 7, 11, 43, 1567
List the prime factors of 223947.
3, 149, 167
What are the prime factors of 35171?
35171
List the prime factors of 569639.
7, 19, 4283
What are the prime factors of 2224653?
3, 19, 31, 1259
What are the prime factors of 817318?
2, 408659
List the prime factors of 7386059.
23, 71, 4523
List the prime factors of 96675.
3, 5, 1289
List the prime factors of 314927.
314927
List the prime factors of 896663.
163, 5501
What are the prime factors of 3928929?
3, 23, 56941
List the prime factors of 750405.
3, 5, 19, 2633
List the prime factors of 111797.
7, 15971
What are the prime factors of 140963?
73, 1931
List the prime factors of 25521271.
25521271
What are the prime factors of 7957885?
5, 13, 23, 5323
List the prime factors of 22670234.
2, 151, 271, 277
List the prime factors of 870535.
5, 43, 4049
What are the prime factors of 1571073?
3, 7, 79, 947
What are the prime factors of 1984143?
3, 7, 94483
List the prime factors of 882234.
2, 3, 23, 2131
What are the prime factors of 8167058?
2, 1597, 2557
List the prime factors of 1166341.
11, 106031
What are the prime factors of 34353?
3, 11, 347
List the prime factors of 1309148.
2, 509, 643
List the prime factors of 177868.
2, 53, 839
What are the prime factors of 164503?
164503
List the prime factors of 3656736.
2, 3, 12697
List the prime factors of 1051188.
2, 3, 251, 349
List the prime factors of 858177.
3, 17, 71, 79
List the prime factors of 38399.
19, 43, 47
What are the prime factors of 149368?
2, 18671
List the prime factors of 10491572.
2, 7, 13, 19, 37, 41
List the prime factors of 312188.
2, 17, 4591
List the prime factors of 1876024.
2, 151, 1553
List the prime factors of 19424328.
2, 3, 7, 11, 23, 457
What are the prime factors of 7974055?
5, 37, 43103
What are the prime factors of 301861?
7, 29, 1487
List the prime factors of 20399604.
2, 3, 59, 28813
List the prime factors of 14869049.
13, 751, 1523
What are the prime factors of 1400573?
887, 1579
List the prime factors of 409793.
47, 8719
List the prime factors of 1723003.
1723003
List the prime factors of 203431.
203431
What are the prime factors of 282959?
282959
List the prime factors of 14568069.
3, 4856023
List the prime factors of 387676.
2, 19, 5101
What are the prime factors of 130801?
11, 23, 47
List the prime factors of 1145813.
47, 24379
What are the prime factors of 5768894?
2, 19, 151813
What are the prime factors of 77596?
2, 19, 1021
What are the prime factors of 684168?
2, 3, 29, 983
List the prime factors of 478799.
521, 919
What are the prime factors of 93164?
2, 23291
What are the prime factors of 229911?
3, 11, 6967
What are the prime factors of 222126?
2, 3, 37021
What are the prime factors of 537968?
2, 33623
List the prime factors of 387264.
2, 3, 2017
List the prime factors of 11175738.
2, 3, 7, 266089
What are the prime factors of 2253372?
2, 3, 11, 43, 397
List the prime factors of 2143557.
3, 13, 31, 197
What are the prime factors of 13532576?
2, 422893
List the prime factors of 225663.
3, 19, 37, 107
List the prime factors of 725878.
2, 67, 5417
What are the prime factors of 7778136?
2, 3, 324089
List the prime factors of 413921.
83, 4987
What are the prime factors of 811339?
503, 1613
List the prime factors of 600716.
2, 79, 1901
List the prime factors of 4217528.
2, 7, 29, 53
List the prime factors of 510550.
2, 5, 10211
What are the prime factors of 360170?
2, 5, 36017
List the prime factors of 193314.
2, 3, 11, 29, 101
What are the prime factors of 80749?
80749
List the prime factors of 320981.
73, 4397
List the prime factors of 8074204.
2, 61, 33091
List the prime factors of 389142.
2, 3, 13, 1663
List the prime factors of 22980653.
353, 65101
List the prime factors of 652736.
2, 7, 31, 47
List the prime factors of 10025245.
5, 31, 64679
What are the prime factors of 8406180?
2, 3, 5, 5189
What are the prime factors of 13868284?
2, 31, 97, 1153
List the prime factors of 450658.
2, 13, 17333
What are the prime factors of 8205?
3, 5, 547
What are the prime factors of 17856935?
5, 41, 87107
What are the prime factors of 500570?
2, 5, 7, 7151
List the prime factors of 8781220.
2, 5, 7, 62723
What are the prime factors of 1133721?
3, 103, 1223
What are the prime factors of 1728086?
2, 109, 7927
List the prime factors of 479638.
2, 17, 14107
What are the prime factors of 294765?
3, 5, 43, 457
List the prime factors of 976407.
3, 31, 10499
List the prime factors of 2385784.
2, 298223
What are the prime factors of 42581?
7, 11, 79
List the prime factors of 9763900.
2, 5, 251, 389
List the prime factors of 411419.
373, 1103
What are the prime factors of 363109?
19, 29, 659
What are the prime factors of 221110?
2, 5, 22111
List the prime factors of 995325.
3, 5, 23, 577
List the prime factors of 436143.
3, 145381
What are the prime factors of 696691?
696691
List the prime factors of 408575.
5, 59, 277
List the prime factors of 26531760.
2, 3, 5, 227, 487
What are the prime factors of 376324?
2, 13, 7237
What are the prime factors of 433841?
83, 5227
List the prime factors of 311766.
2, 3, 7, 13, 571
List the prime factors of 23066.
2, 19, 607
List the prime factors of 1216450.
2, 5, 24329
List the prime factors of 1087343.
67, 16229
What are the prime factors of 6796309?
13, 353, 1481
What are the prime factors of 4371219?
3, 23, 7039
What are the prime factors of 15325786?
2, 7, 199, 5501
What are the prime factors of 374719?
374719
What are the prime factors of 228699?
3, 25411
What are the prime factors of 1384093?
19, 97, 751
What are the prime factors of 10797310?
2, 5, 47, 22973
What are the prime factors of 200841?
3, 66947
List the prime factors of 26993513.
23, 1173631
List the prime factors of 1263827.
23, 54949
What are the prime factors of 8670743?
8670743
List the prime factors of 357346.
2, 11, 37, 439
What are the prime factors of 7755012?
2, 3, 215417
What are the prime factors of 3918599?
1399, 2801
What are the prime factors of 932814?
2, 3, 29, 1787
List the prime factors of 5702304.
2, 3, 59399
List the prime factors of 3522776.
2, 440347
List the prime factors of 3008003.
83, 36241
What are the prime factors of 866803?
7, 123829
What are the prime factors of 1240785?
3, 5, 7, 13, 101
What are the prime factors of 488294?
2, 244147
List the prime factors of 240895.
5, 48179
List the prime factors of 1078581.
3, 7, 51361
What are the prime factors of 663639?
3, 157, 1409
What are the prime factors of 747928?
2, 93491
What are the prime factors of 313818?
2, 3, 193, 271
What are the prime factors of 542318?
2, 7, 38737
What are the prime factors of 574795?
5, 13, 37, 239
List the prime factors of 2177248.
2, 19, 3581
What are the prime factors of 1156456?
2, 7, 107, 193
What are the prime factors of 2354064?
2, 3, 49043
List the prime factors of 13998021.
3, 17, 274471
List the prime factors of 11239379.
37, 303767
List the prime factors of 22317549.
3, 17, 37, 11827
List the prime factors of 16058864.
2, 1003679
List the prime factors of 17012.
2, 4253
List the prime factors of 2424058.
2, 7, 13, 19, 701
List the prime factors of 234506.
2, 37, 3169
List the prime factors of 8923.
8923
What are the prime factors of 816636?
2, 3, 68053
List the prime factors of 892959.
3, 17, 17509
What are the prime factors of 168974?
2, 13, 67, 97
List the prime factors of 19292323.
31, 622333
List the prime factors of 13894915.
5, 29, 79, 1213
List the prime factors of 83284.
2, 47, 443
What are the prime factors of 1346115?
3, 5, 43, 2087
What are the prime factors of 287462?
2, 7, 20533
What are the prime factors of 1133068?
2, 283267
List